- (-1 + 1 + 18 - (-5263 + 5283))
1
8 + (-56 - (-29 - -9)) + 99
71
Evaluate 48 + (-52 - (-27 + 45)).
-22
11 - (2 + -15 - (-146 + 58 - 16))
-80
What is the value of 40 - ((5 - 12) + 11 - (8 + (-21 - -15)))?
38
Evaluate 84 + (-133 - -50) - (-1 - -18) - -48.
32
8 + (-17 + -20 + 39 - (1 - -34))
-25
Evaluate (-173 - -168) + 1 + -3 - -18 - -29.
40
What is the value of (254 - 267) + 1 + (-3 - -3) + -72 + 3?
-81
What is the value of -2 - (-28 + (-8 - (-4 + 4 + 0)))?
34
Evaluate (1538 - 1521) + (-3 - -1) + 7.
22
Calculate (-17 - (-207 - -329)) + 49 + -1.
-91
(-446 - (-261 + -69)) + 1 + 1 + 10
-104
Evaluate 90 - 2 - (-367 + 402).
53
Calculate -15 - 33 - 6 - -57.
3
Evaluate (99 - 143) + 109 - (3 + 17).
45
Calculate (2 - -34) + -265 + 226.
-3
Evaluate -337 + 319 + (-2 - 73).
-93
What is 0 + 3 + (-146 - (42 + -14 - 72))?
-99
Calculate (191 - 180) + (10 - 3) + 66.
84
(-43 - (-81 + 52)) + (33 - -1)
20
Calculate -12 + 63 + 0 + (26 + -11 - (1 - -1)).
64
What is the value of -8 + (5 - -15 - -6) + -11 + -35 + 5?
-23
99 + (-313 + 57 - -138)
-19
6 - -2 - (-13 + 16 + (0 - (17 + -8)))
14
(33 - (20 - 41)) + (-6 - 1)
47
Calculate 3 + (1 - (1 + 5)) - (33 - (5 - 7)).
-37
What is (1 - 7) + (-26 - -12 - -48 - 95)?
-67
22 - (58 + -66 + -7 + -3)
40
(33 - (1 - (8 - -1))) + (2 - 7 - -14)
50
Evaluate 1 + 3 - (10 + (19 - (-9 + -11 + -3))).
-48
What is the value of -4 + ((-19 - -22) + -56 - 10)?
-67
Evaluate 22 - (21 - (26 + -31)).
-4
What is the value of -18 + (49 - 23) + -58?
-50
What is the value of -27 + 12 + (3 - 5) + -60?
-77
What is (3 - -1) + 15 + -14 + 14?
19
Evaluate (1 - 23 - 1) + -5 + 12 + -3.
-19
Calculate -16 + -12 + (-5 - (22 + -12)) + 7.
-36
Evaluate 12 - (-170 + (157 - 42)).
67
Evaluate -8 - ((3 - (5 - 28)) + -5).
-29
Evaluate -7 - 0 - -2 - (25 + (30 - 21) + -44).
5
Evaluate -25 - (26 + -28 - -13 - -23).
-59
What is the value of -4 - (-3 + 9) - (-13 - (9 - 24))?
-12
Calculate (0 - -46) + (658 - 731).
-27
Calculate (32 - (-5 + (-2 - (19 + -46)))) + -36.
-24
Evaluate (-39 - (-71 + 25) - (2 - -1)) + 0 + 33.
37
What is the value of -4 + 23 + (21 - 3) + -18?
19
Calculate 9 + -14 - (4 - (73 - 23)).
41
What is 4 - 51 - (-396 - -370 - (1 + -18))?
-38
Evaluate 10 + (-12 - 12) + 3 + 1 + -4.
-14
What is 109 - 0 - (108 + (-2 - 64))?
67
Evaluate 47 - ((-6 - -19) + -4) - (-16 - 1).
55
(-97 - -200) + (2 - 20)
85
What is the value of 3 - -3 - (-51 - (50 - 49)) - (10 + -2)?
50
-59 - (-31 - -9) - -6
-31
9 + -24 + 10 + -407 + 319
-93
Calculate -7 + -1 + (-24 + -30 - -45) - 20.
-37
What is the value of 0 + 89 + 1763 + -1816?
36
Calculate -38 + (11 + -13 - -8 - 5 - 0).
-37
Calculate -50 + -7 - (-329 - -351).
-79
-1 - (-45 + -1) - (-29 + 352 + -341)
63
(-19 + -37 - 22) + (4 - (12 - -1))
-87
24 - (112 + (8 - 59))
-37
Evaluate 9 + (-14 - (-47 + (2 - (-16 - -7)))).
31
What is 5 - (78 + -18) - -91?
36
Calculate -14 - ((-9 - 4) + 0) - (-43 - 1) - -10.
53
What is (-44 - 0) + (153 - 224) + 50?
-65
Calculate 80 + 3 + -20 + 55 + -31.
87
Evaluate (49 - 11 - 23) + (-2 - (-13 - (0 - 2))).
24
83 + (74 - (-13 + 48)) - (-2 - -21)
103
Evaluate -65 + 0 - (-1337 - -1306).
-34
What is 1538 - 1523 - (0 + -16)?
31
What is the value of 297 + -244 - (11 + (3 - 5) + 3 - 4)?
45
What is -111 - -165 - (-24 + (-22 - -9))?
91
-65 + -2 - (-6878 + 6871)
-60
-457 + 421 + (-7 - -6) + 6 + 0 + 16
-15
Calculate 11 + (-8 - -16 - -5 - (-13 + -28 + 0)).
65
What is the value of (-2 + 3 + -33 - -9) + -32 + 11 + 15?
-29
What is the value of -66 - (-30 - 72) - 146?
-110
-9 + (-2 - 12 - -7 - -10) - -8
2
What is the value of 5721 + -5756 - (-160 + 0)?
125
What is 3 + -15 - (4 + 18 + -9)?
-25
-3 + 2 - -31 - ((-16 - -15) + 9 + -7)
29
Evaluate (4 - -12) + -20 - (0 - 1) - (16 + -45).
26
2 + (6 + (-1 - 2 - -10) - 10)
5
48 + 34 + (-27 - (5 + -35))
85
What is -18 + (-5 - 1) + 6 + (24 - -144)?
150
Evaluate -6 - -7 - 5 - (-2 + (-18 - -12)).
4
What is -101 - -93 - (1 - (32 - -7))?
30
What is the value of -32 + 14 - (-106 - 13) - 2?
99
What is the value of 8 + 0 + (-1180 - -1248)?
76
66 + (23 - 137) + -15
-63
What is (-5 - -22) + -32 + 5 - (25 - 4)?
-31
-5 + (11 - 34) - -28
0
What is the value of (4 - (1 + -3)) + 461 + -509?
-42
What is the value of (-150 - -124) + ((-4 - -7) + 1 - 0) + 2?
-20
Calculate 14 + 7 + -3 + -9 - (-36 - -36) - -52.
61
What is 22 - ((6 - (24 - 9)) + 75)?
-44
Calculate -91 + 20 + 7 + (1 - 9) - 0.
-72
What is (41 - 3) + 77 + 68 + -153?
30
What is the value of -30 + 21 - ((-19 - (-7 + 3)) + -8)?
14
What is the value of -181 - (-65 - 182) - (7 - 2)?
61
Calculate (-10 - -2) + (-14 - (19 + (11 + -10 - 56))).
14
115 - 64 - 31 - (40 - 3)
-17
(36 - (-30 + 71 + 0)) + 13
8
What is -112 + 237 + -5 + -128?
-8
Calculate 34 + (-50 - (15 + -38)).
7
Evaluate 30 + -78 + -8 + 5 + 8.
-43
Calculate -59 + -6 + 35 - -51.
21
Calculate (-4 - 1) + (-163 - (-7 - 132)).
-29
What is the value of (69 - -2) + -2590 + 2652?
133
Evaluate 48 + -10 + 10 + -10 + 5 + 7 + -8.
42
Evaluate (2 - 5) + -2 + (-18 - -36) + 0.
13
(-1 - 30) + -2 + 0 + 1 - (1113 - 1115)
-30
Evaluate (-7 - 40) + 18 + -6 + -5.
-40
Calculate (-2103 - -2098) + 1 + 11.
7
Calculate (3 - 5) + -39 + (33 - 66).
-74
Evaluate -8 + (153 + -17 - 43).
85
Calculate (122 - (-107 - -241)) + (-17 - -1).
-28
What is -1 + 4 + -6 + 90 - (-3 + 11 + -16)?
95
Calculate -21 + 75 + -107 + 53.
0
Evaluate -11 + (-24 - -9) - -11.
-15
What is 42 + -26 - (-187 + 227)?
-24
What is the value of -1 + -6 - (117 + -15 - 24) - -13?
-72
-4 - -5 - -17 - (25 + -24)
17
-85 + 1 - (-28293 - -28178)
31
What is 91 + (-35 - 50) + 46?
52
Calculate -28 - (1 - 59 - (536 - 496)).
70
What is (-9 - -22) + 2 + -2 - (23 + -6 + -103)?
99
What is (28 - 45) + -2 + 18 - (2 - (-7 - -2))?
-8
What is 5522 + -5520 + 20 + 2?
24
What is the value of 113 + -2 - (-394 + 474)?
31
What is 63 + (-45 + 21 - -29) + -28?
40
What is the value of -2 - -10 - (7 + 33 - 62)?
30
24 - (-26 - (-16 - -5 - 12))
27
What is -9 + (52 + -28 + -8 - 86)?
-79
Evaluate (-89 - 2) + (-131 + 115 - -42).
-65
What is the value of 110 + -201 + -7 + 0 + -26?
-124
Calculate 31 - ((5 + 10 - -4) + -54).
66
Calculate -33 - (-30 + 25 + -89) - -14.
75
Calculate -114 + 129 + 2 + -1.
16
Evaluate -35 + (10 - -1) - (-103 - -82).
-3
Evaluate -11 + -9 + -11 + (-4 - -22).
-13
Evaluate -4 + (-50 - -22) + 8.
-24
What is the value of -44 - (2 - (13 + -6)) - (-14 + 4 - -13)?
-42
Evaluate 221 + -191 - (-4 - 1).
35
What is the value of -120 - (-30 - (-33 + 6 + (18 - 9)))?
-108
What is the value of -159 + (-69 - -114) + 28?
-86
Calculate 2 + -5 + (172 + -240 - 9).
-80
Calculate 57 + -18 + (-62 - -15).
-8
What is (5 + 15 + -28 - -10) + (-3 - (-2 - -133))?
-132
11 + (-5 - 0) + 66 + -2 + -12
58
Calculate 101 - (95 - 22) - 88.
-60
Evaluate (-23 + -56 - -35) + (-5 - 0) + 14.
-35
-1 + -118 + 19 + (-88 - -59)
-129
What is 85 + (57 - 19) + -40 - 24?
59
What is 51 - (-15 + 38) - (-1 + -9)?
38
Evaluate 26 + (2 - (10 - -4)) + 26 + -16.
24
Evaluate -32 + 36 + (9 - 5 - 7) + 23.
24
What is the value of -4 - 16 - (-65 + 7) - 138?
-100
What is (-5 - (15 + 71)) + 165 + -142?
-68
Evaluate -46 + (-1 - (-1 - 7)) + 3 + -3 + 6.
-33
Calculate -33 - 2 - ((85 - 196) + 90).
-14
13 - 41 - -10 - -20
2
Calculate 10 + -38 + -22 + 60.
10
Evaluate (18 - 31) + (4 - (-18 - -7)) + 75.
77
Calculate (12 - (6 - -15)) + 2 + (3 - -9).
5
What is the value of 25 + -35 + -5 + (47 - 2)?
30
Calculate -36 - 0 - ((-42 - 0) + 17 - -5).
-16
Calculate (-95 - -43) + 164 - 43.
69
What is the value of -3 - (-2 + (15 - 6) + (20 - 17))?
-13
What is the value of (-26 + 13 - -44) + -125 + 150?
56
Calculate -25 - (-15 - (15 - 10)) - 5.
-10
What is the value of 22 + ((21 - 23 - (0 + 0)) + -7 - 0)?
13
Calculate -2 + 1 + -122 - (-134 - (-83 + -53)).
-125
-1 + -17 - (149 + -332 + 152)
13
Calculate 6119 - 6143 - (-2 + 9 - 2).
-29
What is -55 - (0 + 2 + -4) - (3201 + -3204)?
-50
Calculate 44 - -8 - (248 - 226).
30
Calculate (29 - 6) + (-108 + 12 - (-32 + -2)).
-39
What is the value of 2 + (5 + 8 + -3 - 8 - -16)?
20
What is the value of (1263 - 1236) + -1 + -25 + 0 + -71 + -2?
-72
What is -37 - (-52 - -26 - (-1 - 19))?
-31
What is -7 + (53 - 40 - 14) + 39?
31
What is the value of 36 + -25 + 1 - (-1 + 5 - -35)?
-27
What is the value of -10 - -22 - 3 - 18 - -19?
10
Calculate 9 - (-4 - -93 - ((11 - 3 - 11) + 3)).
-80
What is the value of 44 - 22 - (37 + 3